5. Let o = 572 + -507. Let s = o - m. What are the prime factors of s?
61
Suppose 0 = -26*u + 18*u + 40. Suppose -1749 = -3*a - 3*h, u*a + 4*h = 8*a - 1777. List the prime factors of a.
587
Let h = 531 - 625. Let o(k) = 5*k**2 - k + 8. Let v be o(-6). Let t = v + h. List the prime factors of t.
2, 5
Suppose 2*i + 6*l - 89472 + 2624 = 0, -i + l = -43444. What are the prime factors of i?
11, 359
Suppose -736*h = -734*h - 372. Suppose h = u - 2*y - 1070, 5*u = 2*y + 6296. List the prime factors of u.
2, 3, 5, 7
Let m = 61804 + -34836. List the prime factors of m.
2, 3371
Suppose -4*h = r - 65551 - 17004, -5*h + 247665 = 3*r. List the prime factors of r.
5, 11, 19, 79
Let h(o) = o**2 + 12*o - 11. Suppose -5*w - 2*a - 73 = -4*a, 2*w - 3*a + 27 = 0. Let i = -1 + w. What are the prime factors of h(i)?
53
Let z = -12573 - -19526. What are the prime factors of z?
17, 409
Suppose 0 = 5*h + 3*f - 175057, -3*f = 11*h - 7*h - 140048. What are the prime factors of h?
13, 2693
Suppose -67*r + 19*r = -24096. List the prime factors of r.
2, 251
Let w(j) = 2*j**2 - 7*j - 47. Let g be w(-4). Suppose -1224 = -g*p + p. List the prime factors of p.
2, 3, 17
Suppose -194*r + 196*r - 3*l - 37987 = 0, 3*r - l = 56998. What are the prime factors of r?
19001
Let w(p) = p**3 - 2*p**3 + 4*p + p**3 + p**3 + 64 - 17*p**2 + 2*p**3. List the prime factors of w(8).
2, 17
Suppose 5*o + 294 = 26*o. Suppose 5*f + 2*x = 4749, -o*f - x = -11*f - 2849. List the prime factors of f.
13, 73
Let j = 2591 - 292. List the prime factors of j.
11, 19
Let r = 51 + -44. Suppose r*v = 5*v + 4. Suppose 0 = l - v*l + 3*q + 92, 2*l - 189 = 5*q. What are the prime factors of l?
107
Let u(y) = -31*y + 896. What are the prime factors of u(-31)?
3, 619
Let z(u) = -2*u**2 - 6*u - 17. Let y be z(-8). Let c = -89 - y. List the prime factors of (c/(-10))/((-21)/2100).
2, 5
Suppose -p - 9462 = -z, 6*p = -49 + 19. List the prime factors of z.
7, 193
Let f be 2*(-5)/((-5)/2). Suppose 0 = -3*p - 4*i - 153, 0 = p - f*i + i + 64. Let m = p - -151. List the prime factors of m.
2, 3
Let d be 9/36 - 4467/12. Let v = d + 195. Let t = -105 - v. What are the prime factors of t?
2, 3
Let n(m) = -4*m - 76. Let y be n(-20). Suppose 4*b = 3*i + 38 - 237, y*b + 16 = 0. List the prime factors of i.
61
Let r be ((-1)/3)/(3/(-81)). Let q(p) = -p**3 + 11*p**2 - 12*p + 6. Let z be q(r). What are the prime factors of 3516/z - (-3)/(-5)?
2, 29
Suppose -13*j + 0*j = 12*j. Suppose j = -5*m - c + 1627, -m + 0*c - 2*c = -320. What are the prime factors of m?
2, 163
Let i(k) = 8*k + 18. Suppose -14*t = 230 + 162. Let x = 34 + t. What are the prime factors of i(x)?
2, 3, 11
Let v be -178 - (2 + (-10)/(-5)). Let o = -46 - v. What are the prime factors of o?
2, 17
Let l(y) = y**3 - 3*y**2 - 2*y + 4. Let s be (-36)/90*(-279 - 1). Let o be 2/3 + s/21. What are the prime factors of l(o)?
2, 5
Suppose 3*h + 31*c - 29*c = 12706, -4*h + 2*c + 16918 = 0. List the prime factors of h.
2, 23
Suppose 2*y - 8*y + 30 = 0. Suppose -308 - 457 = -y*g. Let r = g + -94. List the prime factors of r.
59
Suppose -h + 4*i - i = 3, -h - 5*i + 13 = 0. Let q(p) be the first derivative of 3*p**2 - 4*p - 19. List the prime factors of q(h).
2, 7
Suppose -24 = 19*u - 632. Let w = 1109 + u. List the prime factors of w.
7, 163
Let q(h) = h**3 + 24*h**2 - 27*h - 40. Let d(n) = n**3 + 25*n**2 - 26*n - 40. Let r(z) = -5*d(z) + 6*q(z). What are the prime factors of r(-19)?
2, 71
Suppose 4*u - 6118 = -3*c + 2*u, 4*u - 6122 = -3*c. Suppose -a + 2*x = a - c, 4*a = -5*x + 4085. What are the prime factors of a?
2, 3, 5, 17
Let u = 10512 - 3936. List the prime factors of u.
2, 3, 137
Let v be 170 - ((2 - -2) + -6). Suppose 6*h + v = 10*h. Suppose 0 = 3*s - 83 - h. What are the prime factors of s?
2, 3, 7
Let y(q) = q**3 - 19*q**2 + 38*q - 23. Let v be y(17). Suppose v*o + 1284 = 49*o. List the prime factors of o.
3, 107
Let n = 4332 + -2386. What are the prime factors of 156/(-91)*n/(-4)?
2, 3, 139
Let w(p) be the second derivative of -1/2*p**3 - 24*p + 15*p**2 + 0. List the prime factors of w(-8).
2, 3
What are the prime factors of (-6)/12*(-22 - 151796)?
3, 25303
Suppose -6*x + 23*x - 527 = 0. Suppose -35*f + x*f + 3676 = 0. List the prime factors of f.
919
Let s(f) = 4*f**2 - 3*f - 1. Let c be s(1). Suppose 14*v - 65*v + 46206 = c. List the prime factors of v.
2, 3, 151
Let n(p) = -15*p + 46. Let d be n(-11). Suppose -d*o + 207*o = -724. What are the prime factors of o?
181
Let c(w) = -w**3 - 4*w**2 - 8*w + 1. Let g be c(-6). Suppose -g*b + 831 = -118*b. Suppose 0 = -11*y - 79 + b. What are the prime factors of y?
2, 3
Suppose -5*u + 121 = 26. Suppose 5*o = 21 + u. Suppose o*p = 72 + 152. List the prime factors of p.
2, 7
Let m be 3/(-6) - (-453)/2. Let z = 2485 + -2597. Let t = z + m. What are the prime factors of t?
2, 3, 19
Let n = -789 - -805. What are the prime factors of 489/(-2)*(5 + (5 - n))?
3, 163
Suppose 155 = 4*r + r. Let f(p) = -2*p**2 + 15*p + 13. Let m be f(9). Let a = r - m. List the prime factors of a.
3, 5
Let l(u) = 3*u**2 + 21. Suppose 2*m - 6 - 4 = 0. Let q be l(m). Suppose -26*v + 29*v = q. What are the prime factors of v?
2
What are the prime factors of (56/112)/(6/(-11168))*-9?
2, 3, 349
Let p(x) be the second derivative of -x**3/2 - 2*x**2 - 2*x. Let s be p(-2). Suppose s*h - 139 = -19. List the prime factors of h.
2, 3, 5
Suppose 10 = p - 8. Let g = 835 + -829. List the prime factors of p/(-12)*(-100)/g.
5
Let k be (93/2)/3*(-23 + 17). Let n = k + 233. What are the prime factors of n?
2, 5, 7
Let h be ((-3)/(-24))/((-10)/(-880)). Suppose -2257 = -4*a - 5*y, 4*a = -10*y + h*y + 2227. List the prime factors of a.
2, 3, 31
Suppose -5*a + 75978 = -4*y - 170084, a - 49166 = -5*y. List the prime factors of a.
2, 3, 59, 139
Suppose 1166 + 1034 = 8*b. Let g be (-15)/(-35) + 1019/7. Suppose -5*k - p = -b, -36 = 2*k + 4*p - g. List the prime factors of k.
5, 11
Let b(z) = -z**2 + z + 1. Let c(m) = 3*m**2 + 17*m - 15. Let v = -26 - -30. Let i(n) = v*b(n) + c(n). List the prime factors of i(13).
3, 31
Let u(f) = 1754*f + 37450. What are the prime factors of u(0)?
2, 5, 7, 107
Let d(t) = t + 8. Let u be (20/(-7))/(4*1/(-14)). Let g be d(u). List the prime factors of 7/(g/15 - 1).
5, 7
Let t = 219 - 217. What are the prime factors of ((-26)/(-1) - 2)*47/t?
2, 3, 47
Let n(r) = -r**3 + 17*r**2 + 270*r - 202. What are the prime factors of n(-27)?
2, 7, 439
Suppose -6*o + 5*o = -3*a - 2337, -5*o = a - 11637. Suppose 4*c - o = 2*m, 31*c + 2*m = 29*c + 1170. List the prime factors of c.
11, 53
Let k = -5 + 9. Suppose -15*v = -19*v + 2*d + 16, d - 20 = -2*v. Suppose 300 = v*s - k*s. List the prime factors of s.
2, 5
Let g(a) = -11*a + 260. What are the prime factors of g(-88)?
2, 307
Let r(o) = o**2 + 23*o - 43. Let m be (-3)/(-4) - (-1590)/120. List the prime factors of r(m).
5, 19
Suppose -c + 3*o + 6 = 5*o, 14 = 3*c + 2*o. Let b be c/(-4) - -2 - -6. Suppose -3*v - b*w + 43 = -3*w, 0 = w - 4. List the prime factors of v.
3
Let v(d) = d**2 + 73*d - 1262. What are the prime factors of v(25)?
2, 3, 11
Suppose 5*a = -2*a + 94119 + 118919. What are the prime factors of a?
2, 15217
Suppose 5*s + 21 = 4*a + 2*s, -a + 4*s = -15. Suppose 4*g - 5*u - 53 = 0, -a*g = 8*u - 4*u - 32. Suppose 4*h - g - 512 = 0. List the prime factors of h.
131
Suppose 5*u + 33 = 5*w - 52, 0 = 5*w + 3*u - 109. Suppose -1364 = -4*g + 4*a, w*a - 19*a - 1031 = -3*g. What are the prime factors of g?
7
Let d(z) = 160*z + 47. Suppose 0 = -7*f + 207 - 130. What are the prime factors of d(f)?
13, 139
Let c = 269 + -248. Suppose -17*z + c*z = 668. What are the prime factors of z?
167
Let w(o) be the third derivative of -2*o**4 - 85*o**3/6 + o**2 - 22. List the prime factors of w(-9).
347
Suppose w - 849 = -4*o - 4*w, -4*o = -3*w - 873. Suppose -3*z - 3*j + 117 = -2*z, -3*j = -2*z + o. What are the prime factors of z?
3, 37
Suppose -14*n - 2488 = -7*n - 8*n. List the prime factors of n.
2, 311
List the prime factors of 1*-16 + (7965 - 346).
7603
Let b(f) = -8*f + 119. Suppose 0 = 3*h + 66 - 30. List the prime factors of b(h).
5, 43
Suppose 0 = 49*i - 434500 + 166911. List the prime factors of i.
43, 127
List the prime factors of (39 + -40)/(3 + 275192/(-91730)).
5, 9173
List the prime factors of 5 + ((